{"id":72,"date":"2014-12-06T11:42:22","date_gmt":"2014-12-06T10:42:22","guid":{"rendered":"http:\/\/calenda.se.hemsida.eu\/CalendaV3\/?page_id=72"},"modified":"2014-12-10T11:41:54","modified_gmt":"2014-12-10T10:41:54","slug":"hjalp-resurskalender","status":"publish","type":"page","link":"https:\/\/calenda.se\/sys\/hjalp-resurskalender\/","title":{"rendered":"Resurskalender"},"content":{"rendered":"<p>Du kan komma till Resurskalendern p\u00e5 flera olika s\u00e4tt:<\/p>\n<ol>\n<li>Fr\u00e5n sidan Aktuellt om du har n\u00e5gra dubbelbokade resurser och klickar p\u00e5 datum p\u00e5 den aktuella dubbelbokningen. Du kommer d\u00e5 till en kalendervy som visar precis den dubbelbokade tiden med intervallet &#8217;timmar&#8217;.<\/li>\n<li>Fr\u00e5n kalendern, via knappen &#8217;Visa resurskalendern&#8217; uppe till h\u00f6ger eller genom att klicka p\u00e5 en dag i raden &#8217;Aktiviteter&#8217;. I det f\u00f6rsta fallet (knappen) visas dagens datum f\u00f6rdelat p\u00e5 timmar, i det andra fallet visas den den dag du klickade p\u00e5, \u00e4ven den f\u00f6rdelad p\u00e5 timmar.<\/li>\n<li>Fr\u00e5n Aktiviteter om du klickar p\u00e5 &#8217;Visa i resurskalendern&#8217;. Startdagen visas d\u00e5 i kalendern, med intervall &#8217;timmar&#8217;.<\/li>\n<\/ol>\n<h3>Tidsintervall<\/h3>\n<p>Oavsett vilket s\u00e4tt du kommit till kalendern p\u00e5 kan du \u00e4ndra b\u00e5de dagarna som visas och intervall p\u00e5 dagarna. T\u00e4nk dock p\u00e5 att inte v\u00e4lja m\u00e5nga dagar p\u00e5 en mycket detaljerad niv\u00e5, t ex timmar. Detta blir en o\u00f6versk\u00e5dlig m\u00e4ngd data och du f\u00e5r d\u00e5 en uppmaning fr\u00e5n systemet om att minska p\u00e5 antingen dagar eller detaljniv\u00e5.<\/p>\n<h3>Alternativa s\u00e4tt att v\u00e4lja kalenderperiod<\/h3>\n<p>V\u00e4lj kalenderperiod i rullgardinsmenyn.<\/p>\n<p>V\u00e4lj dagar fritt genom att fylla i datum.<\/p>\n<p>Bl\u00e4ddra 1 dag fram\u00e5t eller bak\u00e5t med knapparna \u00f6ver kalendern.<\/p>\n","protected":false},"excerpt":{"rendered":"<p>Du kan komma till Resurskalendern p\u00e5 flera olika s\u00e4tt: Fr\u00e5n sidan Aktuellt om du har n\u00e5gra dubbelbokade resurser och klickar p\u00e5 datum p\u00e5 den aktuella dubbelbokningen. Du kommer d\u00e5 till en kalendervy som visar precis den dubbelbokade tiden med intervallet &#8217;timmar&#8217;. Fr\u00e5n kalendern, via knappen &#8217;Visa resurskalendern&#8217; uppe till h\u00f6ger eller genom att klicka p\u00e5 [&hellip;]<\/p>\n","protected":false},"author":1,"featured_media":0,"parent":0,"menu_order":0,"comment_status":"closed","ping_status":"closed","template":"","meta":[],"_links":{"self":[{"href":"https:\/\/calenda.se\/sys\/wp-json\/wp\/v2\/pages\/72"}],"collection":[{"href":"https:\/\/calenda.se\/sys\/wp-json\/wp\/v2\/pages"}],"about":[{"href":"https:\/\/calenda.se\/sys\/wp-json\/wp\/v2\/types\/page"}],"author":[{"embeddable":true,"href":"https:\/\/calenda.se\/sys\/wp-json\/wp\/v2\/users\/1"}],"replies":[{"embeddable":true,"href":"https:\/\/calenda.se\/sys\/wp-json\/wp\/v2\/comments?post=72"}],"version-history":[{"count":6,"href":"https:\/\/calenda.se\/sys\/wp-json\/wp\/v2\/pages\/72\/revisions"}],"predecessor-version":[{"id":210,"href":"https:\/\/calenda.se\/sys\/wp-json\/wp\/v2\/pages\/72\/revisions\/210"}],"wp:attachment":[{"href":"https:\/\/calenda.se\/sys\/wp-json\/wp\/v2\/media?parent=72"}],"curies":[{"name":"wp","href":"https:\/\/api.w.org\/{rel}","templated":true}]}}